e factors of 22673504?
2, 7, 101221
List the prime factors of 15634112.
2, 13, 19, 23, 43
List the prime factors of 5806367033.
5806367033
List the prime factors of 101039562.
2, 3, 13, 47977
List the prime factors of 357469801.
13, 3221, 8537
What are the prime factors of 3257233388?
2, 17, 773, 61967
List the prime factors of 13748879.
13748879
List the prime factors of 4930951505.
5, 986190301
What are the prime factors of 114026539?
11, 251, 41299
List the prime factors of 222527246.
2, 17, 6544919
What are the prime factors of 672580092?
2, 3, 31, 523, 3457
What are the prime factors of 423808776?
2, 3, 17, 47, 53, 139
What are the prime factors of 163784563?
31, 661, 7993
What are the prime factors of 481004216?
2, 7, 11, 780851
List the prime factors of 675074195.
5, 1237, 109147
What are the prime factors of 1146016940?
2, 5, 57300847
What are the prime factors of 586366507?
53, 11063519
What are the prime factors of 43405514?
2, 37, 83, 191
What are the prime factors of 224303509?
37, 6062257
What are the prime factors of 635215319?
17, 37365607
What are the prime factors of 278072019?
3, 751, 41141
What are the prime factors of 39936917?
19, 149, 14107
List the prime factors of 143841998.
2, 17, 971, 4357
List the prime factors of 5499841011.
3, 7, 337, 777143
What are the prime factors of 464721?
3, 19, 31, 263
List the prime factors of 157769311.
7, 22538473
What are the prime factors of 536455932?
2, 3, 47, 283, 3361
What are the prime factors of 99095523?
3, 23, 29, 49523
What are the prime factors of 76289941?
7, 13, 838351
List the prime factors of 32782291.
23, 431, 3307
What are the prime factors of 124090987?
124090987
What are the prime factors of 97944321?
3, 1823, 17909
List the prime factors of 342375776.
2, 149, 71807
List the prime factors of 256553107.
256553107
List the prime factors of 346928579.
79, 109, 40289
What are the prime factors of 107457414?
2, 3, 67, 267307
What are the prime factors of 3385597880?
2, 5, 7, 12091421
List the prime factors of 97544072.
2, 12193009
What are the prime factors of 304383655?
5, 59, 1031809
List the prime factors of 2555724322.
2, 1277862161
List the prime factors of 61687873.
13, 365017
List the prime factors of 93202019.
93202019
List the prime factors of 1220971678.
2, 877, 696107
What are the prime factors of 255409535?
5, 107, 199, 2399
List the prime factors of 632034870.
2, 3, 5, 1291, 16319
List the prime factors of 373796282.
2, 733, 254977
What are the prime factors of 16314944?
2, 227, 1123
What are the prime factors of 71494654?
2, 7, 11, 464251
What are the prime factors of 451701867?
3, 3673, 40993
List the prime factors of 65077228.
2, 37, 167, 2633
What are the prime factors of 2300019625?
5, 521, 35317
List the prime factors of 32142045.
3, 5, 13, 164831
List the prime factors of 2862705600.
2, 3, 5, 61, 3259
List the prime factors of 1101679818.
2, 3, 353, 520151
List the prime factors of 78856692.
2, 3, 439, 14969
List the prime factors of 3109861009.
37447, 83047
List the prime factors of 51534913.
51534913
What are the prime factors of 102794281?
67, 577, 2659
What are the prime factors of 443032565?
5, 29, 53, 57649
List the prime factors of 26363902.
2, 41, 43, 7477
List the prime factors of 1275897757.
1275897757
What are the prime factors of 7132885?
5, 19, 75083
List the prime factors of 233160557.
7, 167, 199453
List the prime factors of 238597992.
2, 3, 17, 194933
List the prime factors of 788526567.
3, 47, 139, 13411
List the prime factors of 1469018351.
79, 373, 49853
List the prime factors of 115181013.
3, 41, 113, 8287
What are the prime factors of 441704174?
2, 220852087
List the prime factors of 186859.
186859
What are the prime factors of 54845355?
3, 5, 31, 79, 1493
What are the prime factors of 195600857?
195600857
What are the prime factors of 53254890?
2, 3, 5, 13, 23, 1979
What are the prime factors of 290964313?
290964313
What are the prime factors of 1358631541?
1358631541
List the prime factors of 232144563.
3, 7, 179, 61757
List the prime factors of 212575088.
2, 11, 181, 6673
What are the prime factors of 1136170454?
2, 568085227
List the prime factors of 3419541208.
2, 131, 3262921
List the prime factors of 10880505.
3, 5, 43, 5623
What are the prime factors of 5353520817?
3, 2677, 666607
List the prime factors of 258049858.
2, 11, 1373, 8543
What are the prime factors of 815370270?
2, 3, 5, 11, 13, 190063
What are the prime factors of 50865104?
2, 139, 22871
What are the prime factors of 145862005?
5, 29172401
List the prime factors of 324884226.
2, 3, 54147371
What are the prime factors of 28217084?
2, 7, 1007753
List the prime factors of 27122642.
2, 13561321
What are the prime factors of 1446391241?
601, 1303, 1847
List the prime factors of 1671126756.
2, 3, 13, 37, 22271
What are the prime factors of 43680298?
2, 21840149
What are the prime factors of 4308370698?
2, 3, 718061783
What are the prime factors of 111093800?
2, 5, 227, 2447
List the prime factors of 301229503.
107, 173, 16273
What are the prime factors of 74182897?
19, 137, 28499
List the prime factors of 551825306.
2, 275912653
What are the prime factors of 4547107491?
3, 1515702497
List the prime factors of 5263413021.
3, 3181, 61283
List the prime factors of 155882668.
2, 373, 104479
What are the prime factors of 2308294489?
2308294489
List the prime factors of 7737610.
2, 5, 47, 101, 163
What are the prime factors of 359755761?
3, 119918587
List the prime factors of 10463115.
3, 5, 13, 53657
What are the prime factors of 5845279781?
11, 107, 1277, 3889
What are the prime factors of 67998549?
3, 19, 359, 3323
What are the prime factors of 1757039115?
3, 5, 13, 23, 17033
What are the prime factors of 67970015?
5, 13594003
What are the prime factors of 107054519?
11, 13, 748633
List the prime factors of 361459092.
2, 3, 30121591
What are the prime factors of 6459657774?
2, 3, 1076609629
What are the prime factors of 5232729514?
2, 37, 449, 157489
What are the prime factors of 34443744?
2, 3, 37, 9697
List the prime factors of 48731967.
3, 223, 24281
What are the prime factors of 3086195616?
2, 3, 7, 383, 571
List the prime factors of 73926419.
7, 10560917
List the prime factors of 70597890.
2, 3, 5, 11, 29, 2459
List the prime factors of 76492968.
2, 3, 233, 13679
List the prime factors of 1440006197.
7, 4903, 41957
What are the prime factors of 1521887223?
3, 97, 227, 23039
List the prime factors of 5305822451.
17, 312107203
List the prime factors of 26857219.
29, 926111
What are the prime factors of 757510160?
2, 5, 11, 29, 29683
List the prime factors of 938501622.
2, 3, 947, 55057
What are the prime factors of 578113657?
11, 5431, 9677
List the prime factors of 3787057495.
5, 13, 31, 53, 35461
List the prime factors of 1281194521.
1667, 768563
What are the prime factors of 363254588?
2, 41, 2214967
List the prime factors of 30416468.
2, 17, 491, 911
List the prime factors of 6675985438.
2, 919, 3632201
What are the prime factors of 39438533?
179, 220327
List the prime factors of 161193388.
2, 17, 1193, 1987
What are the prime factors of 248630007?
3, 82876669
What are the prime factors of 82828713?
3, 11, 2509961
What are the prime factors of 17501903?
43, 191, 2131
What are the prime factors of 4236480131?
13, 37, 8807651
What are the prime factors of 32795602?
2, 7, 47807
List the prime factors of 1187509856.
2, 13, 2854591
What are the prime factors of 34841354?
2, 29, 521, 1153
List the prime factors of 14034081.
3, 541, 8647
List the prime factors of 33420605.
5, 67, 1489
What are the prime factors of 179691850?
2, 5, 13, 276449
List the prime factors of 2216534908.
2, 7, 19, 4166419
List the prime factors of 259750131.
3, 86583377
List the prime factors of 2109737895.
3, 5, 140649193
What are the prime factors of 382635389?
37, 10341497
List the prime factors of 190790014.
2, 17, 23, 29, 47, 179
What are the prime factors of 196768141?
439, 1021
List the prime factors of 66369424.
2, 11, 377099
What are the prime factors of 1074291457?
29, 1693, 21881
List the prime factors of 99258389.
1627, 61007
List the prime factors of 32447251.
32447251
What are the prime factors of 439857607?
7, 62836801
List the prime factors of 136897191.
3, 107, 142157
What 